prime factors of 505168351?
5807, 86993
List the prime factors of 40332897.
3, 11, 79, 191
List the prime factors of 165389619.
3, 23, 31, 167, 463
List the prime factors of 1227200947.
7, 17, 10312613
What are the prime factors of 1993533901?
23, 86675387
List the prime factors of 25377162.
2, 3, 109, 38803
What are the prime factors of 789065602?
2, 13, 4211, 7207
List the prime factors of 10470352.
2, 654397
What are the prime factors of 1414971136?
2, 509, 10859
What are the prime factors of 1576878217?
16097, 97961
What are the prime factors of 499691318?
2, 7, 104059
What are the prime factors of 4313478769?
4313478769
What are the prime factors of 1543803045?
3, 5, 433, 237691
What are the prime factors of 6990670761?
3, 23, 101314069
What are the prime factors of 1277038816?
2, 53, 14207
List the prime factors of 4285647812.
2, 47, 22795999
List the prime factors of 1744014085.
5, 11, 19, 1668913
What are the prime factors of 47551788?
2, 3, 17, 77699
What are the prime factors of 1619794874?
2, 1721, 470597
What are the prime factors of 74407429?
74407429
List the prime factors of 4549285243.
167, 257, 105997
What are the prime factors of 781842521?
781842521
What are the prime factors of 1060273291?
7, 11, 83, 165901
What are the prime factors of 1145946216?
2, 3, 43, 1110413
List the prime factors of 125800178.
2, 7, 19, 61, 7753
What are the prime factors of 441803234?
2, 79, 2796223
What are the prime factors of 398941848?
2, 3, 163, 1259
What are the prime factors of 107206997?
29, 73, 89, 569
What are the prime factors of 132901334?
2, 67, 113, 131
List the prime factors of 3901103900.
2, 5, 17, 2294767
List the prime factors of 470488468.
2, 4363, 26959
List the prime factors of 376709142.
2, 3, 1733, 36229
List the prime factors of 519909699.
3, 467, 371099
What are the prime factors of 2733819266?
2, 17, 80406449
List the prime factors of 205722042.
2, 3, 34287007
What are the prime factors of 48791673?
3, 7, 258157
List the prime factors of 2336485907.
7, 333783701
List the prime factors of 3634680454.
2, 67, 404843
What are the prime factors of 131409420?
2, 3, 5, 2190157
What are the prime factors of 9067298?
2, 4533649
List the prime factors of 3629893.
19, 191047
What are the prime factors of 12297768?
2, 3, 7, 71, 1031
What are the prime factors of 806309477?
149, 269, 20117
List the prime factors of 1606837943.
17, 277, 341227
List the prime factors of 392307647.
392307647
What are the prime factors of 558955922?
2, 7, 39925423
List the prime factors of 4741962243.
3, 1580654081
What are the prime factors of 145942013?
7, 67, 311177
List the prime factors of 729105074.
2, 3301, 110437
List the prime factors of 35229043.
2819, 12497
List the prime factors of 2520653760.
2, 3, 5, 41, 21347
What are the prime factors of 1517710748?
2, 1583, 239689
List the prime factors of 1740744054.
2, 3, 7, 31, 149, 997
List the prime factors of 213797421.
3, 31, 179, 1427
What are the prime factors of 102618561?
3, 34206187
List the prime factors of 6125523771.
3, 31, 47, 1401401
List the prime factors of 11290079.
23, 331, 1483
What are the prime factors of 294524909?
7, 19, 2214473
List the prime factors of 54318413.
54318413
What are the prime factors of 493457105?
5, 397, 248593
What are the prime factors of 24608783?
2663, 9241
List the prime factors of 1141739909.
113, 10103893
What are the prime factors of 17274367?
11, 659, 2383
List the prime factors of 312163480.
2, 5, 1327, 5881
What are the prime factors of 29186213?
7, 85091
List the prime factors of 2406288442.
2, 41, 2593, 11317
List the prime factors of 191033758.
2, 95516879
List the prime factors of 1274784994.
2, 7, 6037, 15083
List the prime factors of 778646193.
3, 13, 43, 464309
What are the prime factors of 251049427?
541, 464047
What are the prime factors of 474721730?
2, 5, 7, 131, 51769
What are the prime factors of 171127725?
3, 5, 53, 43051
What are the prime factors of 1053151109?
1053151109
List the prime factors of 101215453.
101215453
What are the prime factors of 2970694997?
53, 103, 544183
What are the prime factors of 577428988?
2, 59, 233, 10501
List the prime factors of 207985466.
2, 13, 941, 8501
What are the prime factors of 566446502?
2, 29, 137, 71287
List the prime factors of 909572495.
5, 13, 41, 341303
What are the prime factors of 2873563?
7, 11, 67, 557
List the prime factors of 64251857.
17, 23, 101, 1627
What are the prime factors of 3942547355?
5, 788509471
What are the prime factors of 561998151?
3, 11, 13, 436673
What are the prime factors of 2475715622?
2, 61, 103, 271, 727
List the prime factors of 1029986666.
2, 41, 2003, 6271
What are the prime factors of 10240935?
3, 5, 682729
List the prime factors of 17133450.
2, 3, 5, 17, 6719
List the prime factors of 172104097.
11, 15645827
What are the prime factors of 3053130532?
2, 103, 2399, 3089
What are the prime factors of 219084993?
3, 2704753
What are the prime factors of 274189520?
2, 5, 11, 59, 5281
What are the prime factors of 218322682?
2, 8501, 12841
List the prime factors of 3109519646.
2, 53, 173, 169567
List the prime factors of 333004444.
2, 521, 159791
List the prime factors of 759359322.
2, 3, 31, 113, 12043
What are the prime factors of 464152717?
7, 17, 1423, 2741
List the prime factors of 251451512.
2, 13, 421, 5743
List the prime factors of 1456945752.
2, 3, 2801, 21673
List the prime factors of 8674032.
2, 3, 19, 9511
What are the prime factors of 285584041?
19, 15030739
What are the prime factors of 877611187?
877611187
List the prime factors of 47748924.
2, 3, 1326359
List the prime factors of 111821388.
2, 3, 7, 1331207
List the prime factors of 992577.
3, 330859
What are the prime factors of 1787588123?
31, 57664133
List the prime factors of 229918786.
2, 29, 3964117
What are the prime factors of 129302364?
2, 3, 31, 347587
What are the prime factors of 19949369?
11, 1813579
What are the prime factors of 135159916?
2, 337, 100267
What are the prime factors of 376845034?
2, 43, 557, 7867
What are the prime factors of 302583564?
2, 3, 29, 109, 2659
List the prime factors of 2063063603.
1051, 1962953
List the prime factors of 849435032.
2, 106179379
List the prime factors of 748414561.
1301, 575261
List the prime factors of 738419148.
2, 3, 127, 373, 433
List the prime factors of 564056171.
7, 107, 753079
What are the prime factors of 191567290?
2, 5, 31, 617959
What are the prime factors of 37763814?
2, 3, 11, 572179
What are the prime factors of 780935073?
3, 223, 1167317
List the prime factors of 3072401495.
5, 12373, 49663
What are the prime factors of 63287428?
2, 1181, 13397
What are the prime factors of 7423021?
53, 140057
What are the prime factors of 15525761?
31, 500831
What are the prime factors of 1078881361?
1078881361
What are the prime factors of 1968697952?
2, 13, 4732447
What are the prime factors of 3460801409?
13, 59, 4512127
What are the prime factors of 286738978?
2, 727, 197207
List the prime factors of 39141973.
13, 17, 177113
List the prime factors of 212460275.
5, 797, 10663
What are the prime factors of 120198237?
3, 19, 37, 56993
List the prime factors of 621294307.
2731, 227497
List the prime factors of 1246171761.
3, 138463529
What are the prime factors of 89275583?
131, 681493
What are the prime factors of 819908593?
7, 233, 502703
List the prime factors of 105588622.
2, 52794311
What are the prime factors of 831622?
2, 11, 103, 367
List the prime factors of 605689855.
5, 17, 2129, 3347
What are the prime factors of 56084814?
2, 3, 43, 72461
What are the prime factors of 103864924?
2, 47, 552473
List the prime factors of 28507476.
2, 3, 31, 197, 389
What are the prime factors of 138069107?
11, 1141067
List the prime factors of 599388106.
2, 71, 103, 107, 383
List the prime factors of 63661301.
11, 5787391
List the prime factors of 49440131.
13, 17, 223711
List the prime factors of 520256049.
3, 17, 881, 11579
What are the prime factors of 1708404231?
3, 233, 2444069
What are the prime factors of 1905812978?
2, 31, 151, 203569
List the prime factors of 752472300.
2, 3, 5, 31, 80911
What are the prime factors of 130104652?
2, 23, 1414181
What are the prime factors of 9251635?
5, 23, 80449
List the prime factors of 43395698.
2, 547, 